102*r**2 - 811*r + 17. Calculate y(-7).
10
Let m(w) = w**3 - 38*w**2 - 4*w + 140. What is m(38)?
-12
Let k(w) = -5*w**3 - 10*w**2 - 24*w - 17. What is k(-1)?
2
Let w(a) = a**3 - 25*a**2 - 122*a + 156. Give w(29).
-18
Let x(j) = 18*j**2 - 1758*j + 1148. What is x(97)?
-16
Let q(a) = -49*a**2 + 299*a + 3. Determine q(6).
33
Let i(q) = -49*q + 179. What is i(4)?
-17
Let t(j) = -160*j - 89. Calculate t(1).
-249
Let h(i) = 226*i - 1585. What is h(7)?
-3
Let y(s) = 16*s**3 + 2*s**2 + 14*s + 15. Calculate y(-2).
-133
Let y(m) = -6*m**2 + 79*m - 93. Calculate y(12).
-9
Let w(o) = -10*o - 134. Calculate w(-11).
-24
Let b(s) = 5*s**2 - 66*s - 296. What is b(-4)?
48
Let x(m) = 45*m - 383. Determine x(9).
22
Let l(w) = 19*w**2 + 294*w - 166. What is l(-16)?
-6
Let q(n) = -n**3 + 255*n**2 - 993*n - 2763. Calculate q(251).
-2
Let d(t) = -6*t**3 - 8*t + 7. Calculate d(1).
-7
Let m(z) = -174*z**2 - 233*z - 235. Give m(-1).
-176
Let f(d) = 3*d**2 + 77*d + 467. Determine f(-11).
-17
Let h(i) = -4*i - 242. Calculate h(-71).
42
Let o(k) = -k**2 - 120*k + 4502. What is o(30)?
2
Let g(i) = -31*i + 243. Calculate g(6).
57
Let w(j) = -1252*j + 3543. Determine w(3).
-213
Let q(f) = 42*f + 194. Give q(-6).
-58
Let i(h) = 4480*h - 26878. Give i(6).
2
Let f(d) = 2*d**2 - 702*d - 12522. What is f(368)?
-10
Let o(a) = -3*a**3 - 29*a**2 - 28*a - 90. What is o(-9)?
0
Let x(d) = -18*d**3 - 6*d**2 + 5*d + 6. Determine x(2).
-152
Let o(f) = -f**3 + 43*f**2 + 30*f + 621. Give o(44).
5
Let y(j) = 25*j**2 - 459*j + 1368. Determine y(3).
216
Let z(a) = -8*a**2 + 71*a - 108. Determine z(7).
-3
Let d(s) = s**3 - 95*s**2 + 168*s - 25344. Give d(96).
0
Let t(s) = -s**3 + 6*s**2 + 82*s - 539. Determine t(8).
-11
Let d(t) = t**2 + 31*t + 142. Give d(-9).
-56
Let l(y) = -4389*y - 35121. Give l(-8).
-9
Let n(x) = -49*x - 5372. Determine n(-111).
67
Let p(k) = k**3 + 29*k**2 - 38*k - 35. What is p(0)?
-35
Let i(l) = -4*l**2 + 7*l + 51. Give i(-4).
-41
Let u(a) = 30805*a + 215638. Calculate u(-7).
3
Let z(w) = -w**3 - 10*w**2 + 5*w - 69. Give z(-11).
-3
Let a(n) = 1720*n + 316486. Calculate a(-184).
6
Let g(d) = -d**3 + 27*d**2 + 52*d + 27. Give g(29).
-147
Let o(r) = 36*r**2 + 5*r - 16. Calculate o(0).
-16
Let a(k) = -3*k**3 + 5*k**2 + 2*k - 23. Calculate a(4).
-127
Let x(o) = -o**3 + 118*o**2 - 3311*o + 1165. Calculate x(45).
-5
Let g(z) = 9*z**2 - 6*z - 11. What is g(-3)?
88
Let n(j) = -1058*j - 10594. What is n(-10)?
-14
Let b(t) = 9*t**2 + 85*t + 244. Calculate b(-8).
140
Let c(p) = p**2 - 14*p + 73. What is c(12)?
49
Let a(u) = -u**3 + 6*u**2 - 35*u + 206. Give a(6).
-4
Let o(n) = -17*n**3 + 851*n**2 - 9*n - 2056. Determine o(50).
-6
Let a(s) = s**3 - 63*s**2 + 2*s + 55. Give a(63).
181
Let n(o) = o**2 + 135*o - 9946. Determine n(53).
18
Let c(u) = -18*u**2 - 5*u - 7. What is c(-3)?
-154
Let m(r) = r**3 - 39*r**2 - 178*r + 252. What is m(43)?
-6
Let q(a) = a**2 - 28*a + 188. Calculate q(23).
73
Let s(z) = 809*z + 14568. Give s(-18).
6
Let w(k) = -k**3 + 4*k**2 + 53*k - 220. What is w(7)?
4
Let l(z) = -2*z**3 - 15*z**2 + z + 20. Determine l(-6).
-94
Let y(n) = 5*n**2 - 7*n + 6. Calculate y(4).
58
Let g(d) = -d**2 + 3287*d - 117041. What is g(36)?
-5
Let z(b) = 4*b**2 - 101*b + 128. Calculate z(25).
103
Let c(f) = 6*f**2 + 44*f + 54. Give c(-9).
144
Let m(n) = n**2 - 494*n + 19794. What is m(44)?
-6
Let b(r) = -388*r + 5429. What is b(14)?
-3
Let m(i) = 2*i**2 + 3*i - 5683. What is m(-54)?
-13
Let f(u) = -27*u - 323. What is f(-14)?
55
Let q(j) = -145*j + 694. Give q(4).
114
Let q(w) = -2*w**3 + 24*w**2 - w - 235. Calculate q(11).
-4
Let j(w) = -280*w - 1685. What is j(-6)?
-5
Let l(o) = -13*o**2 + 935*o + 62. Determine l(72).
-10
Let v(h) = -11*h**2 + 76*h + 476. Give v(-4).
-4
Let u(m) = -2*m**3 - 24*m - 47. Give u(-3).
79
Let m(n) = n**2 + 141*n + 430. Calculate m(-3).
16
Let g(s) = -3*s**3 - 18*s**2 - 5*s + 13. Calculate g(-8).
437
Let m(b) = -2*b**2 + 16*b - 45. Determine m(7).
-31
Let n(o) = -60*o - 2742. Calculate n(-45).
-42
Let a(z) = 15*z**2 - 6*z + 7. Calculate a(1).
16
Let y(b) = -2*b**3 - 49*b**2 - 110*b + 33. Determine y(-22).
33
Let n(w) = 3836*w + 30616. Give n(-8).
-72
Let h(p) = -24*p - 82. What is h(-2)?
-34
Let o(s) = 387*s + 1935. Calculate o(-5).
0
Let d(z) = z**2 + 152*z - 803. Calculate d(5).
-18
Let p(v) = -81*v**2 + 652*v - 28. Determine p(8).
4
Let t(c) = -c**3 + 3*c**2 - 758*c + 3047. Give t(4).
-1
Let b(m) = m**2 - 715*m + 8446. Give b(12).
10
Let b(c) = 2*c**2 - 56*c - 88. Calculate b(29).
-30
Let o(i) = 144*i + 284. What is o(-2)?
-4
Let q(h) = 403*h - 1688. What is q(4)?
-76
Let o(c) = c**3 + 20*c**2 - 21*c - 13. Determine o(-21).
-13
Let l(k) = k**2 + 155*k - 3693. What is l(-176)?
3
Let c(l) = -6*l**2 - 94*l + 4. Give c(-15).
64
Let r(b) = -110*b - 713. Give r(-6).
-53
Let w(p) = 13*p**2 - 9*p - 49. Determine w(-4).
195
Let u(f) = -3*f**2 - 100*f + 182. Calculate u(-33).
215
Let y(l) = l**3 + 72*l**2 - 84*l - 799. Give y(-73).
4
Let w(x) = x**2 - 43*x + 566. Determine w(14).
160
Let b(j) = j**2 - 86*j + 1780. What is b(53)?
31
Let a(c) = 128*c - 4900. Calculate a(38).
-36
Let l(j) = 2*j**2 + 161*j - 1640. What is l(-89)?
-127
Let b(x) = 3824*x - 114715. What is b(30)?
5
Let k(b) = -10*b**3 + 91*b**2 - 11*b + 15. Determine k(9).
-3
Let o(d) = 687*d + 1866. Give o(-3).
-195
Let c(g) = g**3 - 31*g**2 - 41*g + 20. Give c(32).
-268
Let n(v) = -v**3 + 5*v**2 - 8*v + 16. Determine n(8).
-240
Let h(b) = -b**2 - 17*b + 59. What is h(-19)?
21
Let x(r) = -32*r + 1273. Calculate x(39).
25
Let p(h) = -h**2 + 8*h - 375. Calculate p(0).
-375
Let d(m) = 4*m - 172. Determine d(30).
-52
Let a(z) = -487*z - 3409. What is a(-7)?
0
Let u(l) = l**2 + 96*l + 1283. What is u(-15)?
68
Let h(n) = n**3 + 29*n**2 + 294*n + 3079. Calculate h(-22).
-1
Let g(m) = 18*m**2 + 12*m + 31. Determine g(-2).
79
Let u(z) = -2*z**3 - 18*z**2 - z + 10. Determine u(3).
-209
Let k(u) = u**3 + 23*u**2 + 43*u - 71. Calculate k(-21).
-92
Let q(o) = -o**3 - 21*o**2 + 17*o - 79. Determine q(-22).
31
Let r(k) = k**3 + 28*k**2 + 52*k + 43. Determine r(-26).
43
Let v(w) = 2*w**3 + 2*w**2 - 3*w - 17. What is v(2)?
1
Let v(j) = 15*j**2 - 249*j - 297. What is v(18)?
81
Let m(l) = -4*l + 276. What is m(6)?
252
Let t(z) = -2*z**3 + 19*z**2 - 12*z + 7. Give t(9).
-20
Let o(h) = -7*h**2 - 5*h - 26. Calculate o(-3).
-74
Let w(p) = -4*p**2 - 104*p - 150. Calculate w(-25).
-50
Let x(o) = 59*o - 176. What is x(-11)?
-825
Let o(v) = 2*v**2 + 62*v - 480. Give o(8).
144
Let h(k) = k**2 + 135*k + 3560. Give h(-99).
-4
Let l(t) = 2*t**2 - 52*t - 475. Calculate l(36).
245
Let o(t) = 455*t + 6376. Give o(-14).
6
Let j(m) = -2*m**3 - 31*m**2 - 23*m + 147. Give j(-14).
-119
Let c(r) = 44*r - 430. Give c(12).
98
Let k(c) = -2*c**3 + 7*c**2 - c + 19. What is k(6)?
-167
Let b(c) = -2*c**3 + 19*c**2 + 39*c - 10. Calculate b(11).
56
Let t(p) = 10*p**2 + 324*p - 2136. Give t(-38).
-8
Let n(r) = 2*r**2 + 49*r - 324. What is n(6)?
42
Let o(j) = 73*j - 713. What is o(10)?
17
Let x(a) = 765*a + 4580. Determine x(-6).
-10
Let m(x) = -x**2 + 41*x + 841. Calculate m(-15).
1
Let u(r) = -2*r**3 + 39*r**2 + 41*r - 447. Determine u(20).
-27
Let h(j) = j**3 - 8*j**2 + 19*j - 21. Give h(3).
-9
Let r(d) = -d**3 + 145*d**2 - 563*d + 4. Give r(4).
8
Let c(l) = -3*l**3 + 115*l**2 - 23*l - 569. Determine c(38).
1
Let a(h) = -267*h - 1324. Give a(-5).
11
Let m(b) = 2*b**2 + 21*b - 14. Determine m(-13).
51
Let o(f) = -766*f + 760. What is o(1)?
-6
Let h(o) = -15*o**3 - 90*o**2 - 337*o + 2. Calculate h(-4).
870
Let k(f) = -2*f**2 + 31*f - 90. Give k(17).
-141
Let s(m) = 7*m**2 + 295*m - 4. Determine s(-42).
-46
Let n(u) = 2*u**2 + 137*u - 443. Calculate n(-69).
-374
Let i(w) = -46*w**3 + 14*w**2 - 16*w + 3. Give i(1).
-45
Let r(v) = 4*v**3 - 23*v**2 - 4*v + 28. Calculate r(6).
40
Let j(t) = -220*t**2 - 12*t - 11. Calculate j(-1).
-219
Let b(l) = -2*l**2 - 9*l - 41. What is b(8)?
-241
Let p(c) = 79*c - 7282. Determine p(92).
-14
Let r(c) = c**3 + 10*c**2 + 47*c + 371. Determine r(-9).
29
Let j(z) = 4*z**2 - 11*z + 23. Determine j(2).
17
Let o(i) = -i**2 - 20*i + 1938. What is o(35)?
13
Let k(b) = 120*b - 8068. Give k(67).
-28
Let n(k) = -13*k**2 + 83*k - 23. What is n(6)?
7
Let m(k) = -k**2 + 85*k + 1970. Calculate m(-19).
-6
Let y(n) = -2*n**3 - 